67 is divided by f(d).
4
Let b = 2624 + -1553. What is the remainder when b is divided by 37?
35
Suppose -4*l + l = -4*d - 1229, 3*l = -3*d + 1236. What is the remainder when l/21 - 16/28 is divided by 4?
3
Let p(i) = 10 + 3*i**2 - 6*i**2 + i + 4*i**2. Let q(n) = -11*n - 32. What is the remainder when p(-8) is divided by q(-5)?
20
Let d(j) = -8*j - 3. Let m(r) = -r**3 - 3*r**2 - 4*r - 5. Let g be m(-5). Let b = g + -28. Calculate the remainder when b is divided by d(-2).
11
Let g be 23/5 - (-2)/5. Suppose 10 + 25 = g*p. Calculate the remainder when (250/10)/(0 - (1 - 2)) is divided by p.
4
Let w = 1 - -91. Suppose 22*c = 21*c + 31. Calculate the remainder when w is divided by c.
30
What is the remainder when 102 is divided by -14 + (-42)/(-7) - -35?
21
Suppose 11*r - 546 + 18 = 0. What is the remainder when 66 is divided by r?
18
Let p(c) = -c**2 + 6*c + 6. Let r be ((-3)/(-9))/(2/(-24)). Calculate the remainder when (-175)/14*4*r/5 is divided by p(5).
7
Let t(c) = -12*c + 15. What is the remainder when t(-4) is divided by 13?
11
Let q = 2 + -4. Let m be (-4)/q + (-2 - 2). What is the remainder when 51 is divided by (9*(m + 0))/(-1)?
15
Suppose 3*b + 5*l = -47, 3*b - l = 3*l - 11. Calculate the remainder when (3/b)/(5/2130*-2) is divided by 24.
23
Let l = 1098 + -1091. What is the remainder when 172 is divided by l?
4
Suppose 211*z = 201*z + 2280. Calculate the remainder when z is divided by 19.
0
Let b = 63 - 54. Let p be (6/(-5))/((-4)/10). Suppose 2 = l - p. Calculate the remainder when b is divided by l.
4
Suppose 3*h + 31 = -53. Calculate the remainder when 13 is divided by 19/57 + h/(-6).
3
Let f be 0/((-4)/(2 - 0)). Suppose -w = -f*w - 23. Let t = w + -10. Calculate the remainder when 51 is divided by t.
12
Suppose -4*r + 34 = x + 5, 3*x - 87 = 2*r. Let u(d) = d**2 - d - 4. What is the remainder when u(10) is divided by x?
28
Suppose -i = 3*u - 1, -17*i - 8 = -19*i - 4*u. Let s = 24 - -2. What is the remainder when s is divided by i?
6
Calculate the remainder when 25/3 + (-2)/(-3) is divided by ((-584)/730)/(4/(-10)).
1
Suppose -5*f + f - 2 = 2*l, -2*l = -3*f + 2. Suppose k + 3*n - 8 = f, -3*k + 2*k - 5*n + 6 = 0. What is the remainder when k is divided by 3?
2
Let r(x) = 3*x**2 + 6*x + 7. Let h be r(-3). Let t = h + -1. What is the remainder when 1 - -2 - (-150)/t is divided by 8?
5
Let v = -439 + 664. What is the remainder when v is divided by 47?
37
Let k(t) = 58*t**2 - 114*t + 2. What is the remainder when (-166)/(-4) - 1/2 is divided by k(2)?
5
What is the remainder when 162 is divided by (-205)/5*(3 + -7 + 3)?
39
What is the remainder when 22 is divided by -5 - (-2 + 40/(1 + -6))?
2
Let j be (4/3)/(2/15). Let q = -8 + j. Suppose -44 = -4*p + q*x, -5*p + 0*x = -x - 61. Calculate the remainder when 35 is divided by p.
9
Let a(p) = -p + 6. Let z be a(-8). Let t = z + -10. Suppose b + t*b = 80. What is the remainder when 61 is divided by b?
13
Calculate the remainder when 52 is divided by 435/5*(-2)/(-6).
23
Let b(u) be the first derivative of u**4/4 + u**3 + 2*u + 5. Let c be b(-3). Calculate the remainder when 34 is divided by (-7 + 14)*(c - 1).
6
Suppose 2*f - 5*p = -p + 42, f = -4*p + 45. Calculate the remainder when f is divided by 16.
13
Calculate the remainder when 28/3*330/88 is divided by 10.
5
Let o(v) = 26*v**3 + v**2 + v + 2. Let a be o(-2). Let w be a/(-14) + 42/98. Suppose -3*d + 4 = -2, b + d = w. Calculate the remainder when 50 is divided by b.
11
Let m be -1 + (4 + -9 - -6). Suppose m = -30*k + 31*k - 23. Calculate the remainder when 42 is divided by k.
19
Let o(a) = -4*a**2 + 4*a - 3. Let g be o(2). What is the remainder when 68 is divided by (-255)/g - (-12)/(-66)?
22
Let o be (-32)/(-24)*3/2. Suppose o*p = p + 31. Calculate the remainder when p is divided by 11.
9
Suppose -12 + 3 = -q. Let i = -1 + 82. Suppose 3*y = 5*p + 60, 5*y - p = p + i. What is the remainder when y is divided by q?
6
Suppose 12*l - 1170 = -306. What is the remainder when 572 is divided by l?
68
Suppose -5*o + i = -52 + 7, 2*i = 4*o - 30. What is the remainder when 224/6 + o/(-30) is divided by 23 - 1/((-4)/(-16))?
18
Suppose 0 = -45*t + 56*t - 99. Calculate the remainder when 60 is divided by t.
6
Suppose b = 3*b + 4*k + 6, -5*b = -5*k. Let f = 12 - b. Let y = -4 + 27. What is the remainder when y is divided by f?
10
Let a be (-14)/(-3)*(-3 + (-5 - -2)). Suppose 246 = -2*m + 5*m. What is the remainder when m is divided by 72/(-16)*a/6?
19
Suppose -5*a + 10*a = -2*u + 26, -3*a - 18 = -3*u. Calculate the remainder when 102 is divided by u.
6
Let p(f) = 50*f**3 + 3*f - 4. Let v(s) = 49*s**3 + 2*s - 3. Let j(z) = -5*p(z) + 6*v(z). Calculate the remainder when 256 is divided by j(1).
41
Suppose -5*u - 9 = v, v - 3*u = -u + 5. Let t = v + 146. Calculate the remainder when t is divided by 25.
22
Let l = 12 - 8. Suppose -16 = 2*p - l*p. Suppose 2*f - 93 = -3*k - 0*k, 0 = 3*k - 2*f - 81. What is the remainder when k is divided by p?
5
Let k = -147 + 184. Calculate the remainder when k is divided by 25.
12
Suppose 23 - 67 = -4*a + 4*h, 3*a - 2*h = 33. Let x = 345 - 325. What is the remainder when x is divided by a?
9
Let h(i) be the second derivative of -i**3 - 13*i**2/2 + 10*i. What is the remainder when h(-7) is divided by 5?
4
Suppose 4*t + 33 = 3*r, -12*r - 42 = -14*r - 4*t. Calculate the remainder when 69 is divided by r.
9
Let l = -15 - -35. Suppose -4*i + 199 = -33. Calculate the remainder when i is divided by l.
18
Let i(n) = -10*n + 10 + 20*n - 9*n + 10. What is the remainder when 39 is divided by i(-12)?
7
Let v be (-1)/(8/(-6))*4. Suppose v*m - 62 = m. Suppose 42 = 4*f + 2*t, 2*f + 0*t - m = -3*t. What is the remainder when f is divided by 6?
2
Calculate the remainder when -4*(-3 + ((-282)/(-4))/(-3)) is divided by 16.
10
Let j(x) = x**2 - 3*x**2 + 3*x**2 + x**2 + 14 + 7*x. Let h = 35 - 12. What is the remainder when j(-6) is divided by h?
21
Let u(d) = d**2 + d + 5. Let x be u(3). Let m = x + -15. Suppose 2*l + m - 28 = -2*n, 0 = -n + l + 11. Calculate the remainder when n is divided by 7.
5
Let t(i) = -5*i**3 + i**2 + i + 1. Let r be t(-1). Suppose -x + 0*x + r = 0. Suppose -2*q + 6*q = 36. What is the remainder when q is divided by x?
3
Let r(m) = -34*m - 3. Let f = -5517 + 5551. What is the remainder when r(-6) is divided by f?
31
Suppose 0 = -4*z + 3*y + 604, y + 3 = -1. Suppose s - 26 = 3*g + 20, 3*s + g - z = 0. Suppose -5*h + s + 16 = 0. What is the remainder when 49 is divided by h?
10
Suppose -4*p = -7*p - w + 758, 2*w = 5*p - 1267. Calculate the remainder when p is divided by 32.
29
Suppose 23*x - 762 + 210 = 0. Calculate the remainder when 94 is divided by x.
22
Let o(j) = -j**2 - j + 5. Let r be o(-5). What is the remainder when (-190)/r*3 + 1 is divided by 10?
9
Calculate the remainder when 114/4 + -3 + (-16)/(-32) is divided by 4.
2
What is the remainder when 17 is divided by (-45)/(-60) + (66/8 - -2)?
6
Let c be -2*(3 + 11/(-2)). Suppose -3*x + 95 = h, -3*x + c*h = -2*x - 37. Let u(s) = -2*s + 9. Calculate the remainder when x is divided by u(-4).
15
Let v = -80 - -120. Suppose -187 = -3*m - v. What is the remainder when m is divided by 10?
9
Let v(k) = -k**3 + k**2 - 2*k + 79. What is the remainder when v(0) is divided by ((-41)/(0 - -1))/(-1)?
38
Let y(k) = -16*k - 131. Calculate the remainder when y(-23) is divided by 30.
27
Suppose 17*i - 1815 = 803. Calculate the remainder when i is divided by 13.
11
Suppose 4*w - 13 = -0*l + l, -7 = -w + l. Suppose -8 = -g + 3*a, -a + 16 = g - w*a. What is the remainder when 78 is divided by g?
18
Suppose 4*y + 3*l - 140 = 0, -23*y + 25*y + 5*l - 56 = 0. Calculate the remainder when 90 is divided by y.
14
Let a = -11277 + 11319. Let q = 276 + -151. Calculate the remainder when q is divided by a.
41
Let q = 306 + -209. Suppose -5*b + 3*i = -q, -b + 3*b - 5*i - 35 = 0. What is the remainder when 59 is divided by b?
19
Suppose -2*h + 4*l + 542 = -268, 3*h = -4*l + 1235. What is the remainder when h is divided by 82?
81
Suppose 22*a = 23*a - 131. Calculate the remainder when a is divided by 45.
41
Let n be -4 + (-2)/(-3)*3. Let p(o) be the third derivative of -o**4/3 - 5*o**3/6 + 5*o**2. Calculate the remainder when 40 is divided by p(n).
7
Let u = -44 + 107. Suppose 7*m - m - 96 = 0. 